{"id":85,"date":"2026-01-09T18:31:57","date_gmt":"2026-01-09T17:31:57","guid":{"rendered":"https:\/\/sklep.kadrempisane.pl\/?post_type=product&#038;p=85"},"modified":"2026-01-09T18:31:57","modified_gmt":"2026-01-09T17:31:57","slug":"bystrzyckie-dwie-wieze","status":"publish","type":"product","link":"https:\/\/sklep.kadrempisane.pl\/?product=bystrzyckie-dwie-wieze","title":{"rendered":"Bystrzyckie dwie wie\u017ce"},"content":{"rendered":"<p data-path-to-node=\"4\">Odkryj magi\u0119 jednego z najpi\u0119kniejszych miast Dolnego \u015al\u0105ska. Obraz przedstawia charakterystyczn\u0105 sylwetk\u0119 Bystrzycy K\u0142odzkiej, nad kt\u00f3r\u0105 dominuj\u0105 zabytkowe wie\u017ce: neorenesansowa wie\u017ca ratuszowa oraz strzelista wie\u017ca ko\u015bcio\u0142a \u015bw. Micha\u0142a Archanio\u0142a. Uchwycona w wyj\u0105tkowym \u015bwietle panorama podkre\u015bla wielopoziomowy, niemal tarasowy uk\u0142ad miasta, kt\u00f3ry zachwyca turyst\u00f3w i mi\u0142o\u015bnik\u00f3w historii.<\/p>\n<p data-path-to-node=\"5\">Wydruk na p\u0142\u00f3tnie to nie tylko dekoracja, ale okno na dolno\u015bl\u0105sk\u0105 architektur\u0119. Dzi\u0119ki technologii druku UV, kolory s\u0105 g\u0142\u0119bokie i trwa\u0142e, oddaj\u0105c ka\u017cdy detal zabytkowych budowli. Nasze obrazy posiadaj\u0105 zadrukowane boki, co sprawia, \u017ce kompozycja p\u0142ynnie \"zawija si\u0119\" na kraw\u0119dziach ramy, tworz\u0105c efekt 3D. Dzi\u0119ki temu p\u0142\u00f3tno wygl\u0105da doskonale nawet bez dodatkowej ramy, pasuj\u0105c zar\u00f3wno do klasycznych, jak i nowoczesnych wn\u0119trz. To doskona\u0142y wyb\u00f3r dla os\u00f3b ceni\u0105cych lokalny patriotyzm, architektur\u0119 sakraln\u0105 oraz sentymentalny klimat zabytkowych miasteczek.<\/p>\n","protected":false},"excerpt":{"rendered":"<p>Odkryj magi\u0119 jednego z najpi\u0119kniejszych miast Dolnego \u015al\u0105ska. Obraz przedstawia charakterystyczn\u0105 sylwetk\u0119 Bystrzycy K\u0142odzkiej, nad kt\u00f3r\u0105 dominuj\u0105 zabytkowe wie\u017ce: neorenesansowa wie\u017ca ratuszowa oraz strzelista wie\u017ca ko\u015bcio\u0142a \u015bw. Micha\u0142a Archanio\u0142a. Uchwycona w wyj\u0105tkowym \u015bwietle panorama podkre\u015bla wielopoziomowy, niemal tarasowy uk\u0142ad miasta, kt\u00f3ry zachwyca turyst\u00f3w i mi\u0142o\u015bnik\u00f3w historii. Wydruk na p\u0142\u00f3tnie to nie tylko dekoracja, ale okno [&hellip;]<\/p>\n","protected":false},"featured_media":86,"comment_status":"open","ping_status":"closed","template":"","meta":{"_acf_changed":false},"product_brand":[],"product_cat":[17,21],"product_tag":[],"class_list":{"0":"post-85","1":"product","2":"type-product","3":"status-publish","4":"has-post-thumbnail","6":"product_cat-krajobraz","7":"product_cat-zachod-slonca","9":"first","10":"instock","11":"shipping-taxable","12":"product-type-simple"},"acf":[],"_links":{"self":[{"href":"https:\/\/sklep.kadrempisane.pl\/index.php?rest_route=\/wp\/v2\/product\/85","targetHints":{"allow":["GET"]}}],"collection":[{"href":"https:\/\/sklep.kadrempisane.pl\/index.php?rest_route=\/wp\/v2\/product"}],"about":[{"href":"https:\/\/sklep.kadrempisane.pl\/index.php?rest_route=\/wp\/v2\/types\/product"}],"replies":[{"embeddable":true,"href":"https:\/\/sklep.kadrempisane.pl\/index.php?rest_route=%2Fwp%2Fv2%2Fcomments&post=85"}],"wp:featuredmedia":[{"embeddable":true,"href":"https:\/\/sklep.kadrempisane.pl\/index.php?rest_route=\/wp\/v2\/media\/86"}],"wp:attachment":[{"href":"https:\/\/sklep.kadrempisane.pl\/index.php?rest_route=%2Fwp%2Fv2%2Fmedia&parent=85"}],"wp:term":[{"taxonomy":"product_brand","embeddable":true,"href":"https:\/\/sklep.kadrempisane.pl\/index.php?rest_route=%2Fwp%2Fv2%2Fproduct_brand&post=85"},{"taxonomy":"product_cat","embeddable":true,"href":"https:\/\/sklep.kadrempisane.pl\/index.php?rest_route=%2Fwp%2Fv2%2Fproduct_cat&post=85"},{"taxonomy":"product_tag","embeddable":true,"href":"https:\/\/sklep.kadrempisane.pl\/index.php?rest_route=%2Fwp%2Fv2%2Fproduct_tag&post=85"}],"curies":[{"name":"wp","href":"https:\/\/api.w.org\/{rel}","templated":true}]}}